{"id":4318,"date":"2017-07-02T16:01:34","date_gmt":"2017-07-02T14:01:34","guid":{"rendered":"http:\/\/alter-entorn.com?product=dentifrice-bioemsan"},"modified":"2025-02-16T08:48:58","modified_gmt":"2025-02-16T06:48:58","slug":"dentifrice-bioemsan","status":"publish","type":"product","link":"https:\/\/alter-entorn.com\/fr\/producto\/dentifrice-bioemsan\/","title":{"rendered":"Dentifrice Bioemsan (80ml) &#8211; Cosm\u00e9tique"},"content":{"rendered":"<p>Nettoyage total sans endommager l&rsquo;\u00e9mail des dents ni le microbiote buccal. Il permet une hygi\u00e8ne compl\u00e8te et est efficace contre la plupart des probl\u00e8mes buccaux tels que le saignement des gencives, l\u2019apparition de la carie ou la formation de plaque. Am\u00e9liore la gingivite ou l&rsquo;inflammation des gencives et r\u00e9duit la quantit\u00e9 de bact\u00e9ries ana\u00e9robies dans la salive, responsables de la mauvaise haleine.<\/p>\n","protected":false},"excerpt":{"rendered":"<p>Pour une flore buccale saine, une protection contre les caries et la parodontose. Il procure une sensation de fra\u00eecheur et de bien-\u00eatre, \u00e9vite la mauvaise haleine pour une bonne hygi\u00e8ne et des dents blanches et en bonne sant\u00e9.<\/p>\n<p>PH alcalin, sans fluor, sans triclosan.<\/p>\n<div class=\"woocommerce-product-details__short-description\">\n<p>Sans conservateurs, sans \u00e9mulsifiants synth\u00e9tiques, transg\u00e9niques, parfums et colorants. Sans cruaut\u00e9.<\/p>\n<p><a href=\"https:\/\/alter-entorn.com\/dentifrico-bioemsan-es-mas-efectivo-que-los-dentifricos-convencionales\/\"> D\u00e9couvrez tous les avantages <\/a><\/p>\n<\/div>\n<div class=\"quantit\u00e9 personnalis\u00e9e\"><\/div>\n","protected":false},"featured_media":3586,"template":"","meta":{"_joinchat":[]},"product_brand":[],"product_cat":[115,121],"product_tag":[1025,1053,1054,1055,1056,1057,1058,1059,1060],"class_list":{"0":"post-4318","1":"product","2":"type-product","3":"status-publish","4":"has-post-thumbnail","6":"product_cat-sante-et-bien-etre","7":"product_cat-cosmetiques-naturels-hygiene","8":"product_tag-dentifrice-naturel","9":"product_tag-anticaries-naturelles","10":"product_tag-restaurer-la-flore-buccale","11":"product_tag-dentifrice-microbiologie","12":"product_tag-dentifrice-sans-produits-chimiques","13":"product_tag-dentifrice-sans-produits-chimiques-fr","14":"product_tag-dentifrice-contre-la-parodontose","15":"product_tag-dent-contre-la-mauvaise-haleine","16":"product_tag-dentifrice-contre-lalitose","18":"first","19":"instock","20":"taxable","21":"shipping-taxable","22":"purchasable","23":"product-type-simple"},"yoast_head":"<!-- This site is optimized with the Yoast SEO plugin v27.4 - https:\/\/yoast.com\/product\/yoast-seo-wordpress\/ -->\n<title>Dentifrice naturel Bioemsan, pH alcalin, sans fluorure, sans triclosan<\/title>\n<meta name=\"description\" content=\"Dentifrice naturel au regard de la flore buccale. Protection contre les caries, emp\u00eache la formation de plaque et de mauvaise haleine, etc.\" \/>\n<meta name=\"robots\" content=\"index, follow, max-snippet:-1, max-image-preview:large, max-video-preview:-1\" \/>\n<link rel=\"canonical\" href=\"https:\/\/alter-entorn.com\/fr\/producto\/dentifrice-bioemsan\/\" \/>\n<meta property=\"og:locale\" content=\"fr_FR\" \/>\n<meta property=\"og:type\" content=\"article\" \/>\n<meta property=\"og:title\" content=\"Dentifrice naturel Bioemsan, pH alcalin, sans fluorure, sans triclosan\" \/>\n<meta property=\"og:description\" content=\"Dentifrice naturel au regard de la flore buccale. Protection contre les caries, emp\u00eache la formation de plaque et de mauvaise haleine, etc.\" \/>\n<meta property=\"og:url\" content=\"https:\/\/alter-entorn.com\/fr\/producto\/dentifrice-bioemsan\/\" \/>\n<meta property=\"og:site_name\" content=\"alter-entorn\" \/>\n<meta property=\"article:publisher\" content=\"https:\/\/www.facebook.com\/alterentorn\/\" \/>\n<meta property=\"article:modified_time\" content=\"2025-02-16T06:48:58+00:00\" \/>\n<meta property=\"og:image\" content=\"https:\/\/alter-entorn.com\/wp-content\/uploads\/2017\/07\/pasta-normal.png\" \/>\n\t<meta property=\"og:image:width\" content=\"450\" \/>\n\t<meta property=\"og:image:height\" content=\"450\" \/>\n\t<meta property=\"og:image:type\" content=\"image\/png\" \/>\n<meta name=\"twitter:card\" content=\"summary_large_image\" \/>\n<meta name=\"twitter:site\" content=\"@alterentorn\" \/>\n<script type=\"application\/ld+json\" class=\"yoast-schema-graph\">{\"@context\":\"https:\\\/\\\/schema.org\",\"@graph\":[{\"@type\":\"WebPage\",\"@id\":\"https:\\\/\\\/alter-entorn.com\\\/fr\\\/producto\\\/dentifrice-bioemsan\\\/\",\"url\":\"https:\\\/\\\/alter-entorn.com\\\/fr\\\/producto\\\/dentifrice-bioemsan\\\/\",\"name\":\"Dentifrice naturel Bioemsan, pH alcalin, sans fluorure, sans triclosan\",\"isPartOf\":{\"@id\":\"https:\\\/\\\/alter-entorn.com\\\/fr\\\/#website\"},\"primaryImageOfPage\":{\"@id\":\"https:\\\/\\\/alter-entorn.com\\\/fr\\\/producto\\\/dentifrice-bioemsan\\\/#primaryimage\"},\"image\":{\"@id\":\"https:\\\/\\\/alter-entorn.com\\\/fr\\\/producto\\\/dentifrice-bioemsan\\\/#primaryimage\"},\"thumbnailUrl\":\"https:\\\/\\\/alter-entorn.com\\\/wp-content\\\/uploads\\\/2017\\\/07\\\/pasta-normal.png\",\"datePublished\":\"2017-07-02T14:01:34+00:00\",\"dateModified\":\"2025-02-16T06:48:58+00:00\",\"description\":\"Dentifrice naturel au regard de la flore buccale. Protection contre les caries, emp\u00eache la formation de plaque et de mauvaise haleine, etc.\",\"breadcrumb\":{\"@id\":\"https:\\\/\\\/alter-entorn.com\\\/fr\\\/producto\\\/dentifrice-bioemsan\\\/#breadcrumb\"},\"inLanguage\":\"fr-FR\",\"potentialAction\":[{\"@type\":\"ReadAction\",\"target\":[\"https:\\\/\\\/alter-entorn.com\\\/fr\\\/producto\\\/dentifrice-bioemsan\\\/\"]}]},{\"@type\":\"ImageObject\",\"inLanguage\":\"fr-FR\",\"@id\":\"https:\\\/\\\/alter-entorn.com\\\/fr\\\/producto\\\/dentifrice-bioemsan\\\/#primaryimage\",\"url\":\"https:\\\/\\\/alter-entorn.com\\\/wp-content\\\/uploads\\\/2017\\\/07\\\/pasta-normal.png\",\"contentUrl\":\"https:\\\/\\\/alter-entorn.com\\\/wp-content\\\/uploads\\\/2017\\\/07\\\/pasta-normal.png\",\"width\":450,\"height\":450},{\"@type\":\"BreadcrumbList\",\"@id\":\"https:\\\/\\\/alter-entorn.com\\\/fr\\\/producto\\\/dentifrice-bioemsan\\\/#breadcrumb\",\"itemListElement\":[{\"@type\":\"ListItem\",\"position\":1,\"name\":\"Portada\",\"item\":\"https:\\\/\\\/alter-entorn.com\\\/fr\\\/\"},{\"@type\":\"ListItem\",\"position\":2,\"name\":\"Boutique\",\"item\":\"https:\\\/\\\/alter-entorn.com\\\/tienda\\\/\"},{\"@type\":\"ListItem\",\"position\":3,\"name\":\"Dentifrice Bioemsan (80ml) &#8211; Cosm\u00e9tique\"}]},{\"@type\":\"WebSite\",\"@id\":\"https:\\\/\\\/alter-entorn.com\\\/fr\\\/#website\",\"url\":\"https:\\\/\\\/alter-entorn.com\\\/fr\\\/\",\"name\":\"alter-entorn\",\"description\":\"Soluciones Microbiol\u00f3gicas probi\u00f3ticos\",\"publisher\":{\"@id\":\"https:\\\/\\\/alter-entorn.com\\\/fr\\\/#organization\"},\"potentialAction\":[{\"@type\":\"SearchAction\",\"target\":{\"@type\":\"EntryPoint\",\"urlTemplate\":\"https:\\\/\\\/alter-entorn.com\\\/fr\\\/?s={search_term_string}\"},\"query-input\":{\"@type\":\"PropertyValueSpecification\",\"valueRequired\":true,\"valueName\":\"search_term_string\"}}],\"inLanguage\":\"fr-FR\"},{\"@type\":\"Organization\",\"@id\":\"https:\\\/\\\/alter-entorn.com\\\/fr\\\/#organization\",\"name\":\"alter-entorn\",\"url\":\"https:\\\/\\\/alter-entorn.com\\\/fr\\\/\",\"logo\":{\"@type\":\"ImageObject\",\"inLanguage\":\"fr-FR\",\"@id\":\"https:\\\/\\\/alter-entorn.com\\\/fr\\\/#\\\/schema\\\/logo\\\/image\\\/\",\"url\":\"https:\\\/\\\/alter-entorn.com\\\/wp-content\\\/uploads\\\/2018\\\/10\\\/logo_alter_entorn-sin-texto-1.png\",\"contentUrl\":\"https:\\\/\\\/alter-entorn.com\\\/wp-content\\\/uploads\\\/2018\\\/10\\\/logo_alter_entorn-sin-texto-1.png\",\"width\":246,\"height\":68,\"caption\":\"alter-entorn\"},\"image\":{\"@id\":\"https:\\\/\\\/alter-entorn.com\\\/fr\\\/#\\\/schema\\\/logo\\\/image\\\/\"},\"sameAs\":[\"https:\\\/\\\/www.facebook.com\\\/alterentorn\\\/\",\"https:\\\/\\\/x.com\\\/alterentorn\"]}]}<\/script>\n<!-- \/ Yoast SEO plugin. -->","yoast_head_json":{"title":"Dentifrice naturel Bioemsan, pH alcalin, sans fluorure, sans triclosan","description":"Dentifrice naturel au regard de la flore buccale. Protection contre les caries, emp\u00eache la formation de plaque et de mauvaise haleine, etc.","robots":{"index":"index","follow":"follow","max-snippet":"max-snippet:-1","max-image-preview":"max-image-preview:large","max-video-preview":"max-video-preview:-1"},"canonical":"https:\/\/alter-entorn.com\/fr\/producto\/dentifrice-bioemsan\/","og_locale":"fr_FR","og_type":"article","og_title":"Dentifrice naturel Bioemsan, pH alcalin, sans fluorure, sans triclosan","og_description":"Dentifrice naturel au regard de la flore buccale. Protection contre les caries, emp\u00eache la formation de plaque et de mauvaise haleine, etc.","og_url":"https:\/\/alter-entorn.com\/fr\/producto\/dentifrice-bioemsan\/","og_site_name":"alter-entorn","article_publisher":"https:\/\/www.facebook.com\/alterentorn\/","article_modified_time":"2025-02-16T06:48:58+00:00","og_image":[{"width":450,"height":450,"url":"https:\/\/alter-entorn.com\/wp-content\/uploads\/2017\/07\/pasta-normal.png","type":"image\/png"}],"twitter_card":"summary_large_image","twitter_site":"@alterentorn","schema":{"@context":"https:\/\/schema.org","@graph":[{"@type":"WebPage","@id":"https:\/\/alter-entorn.com\/fr\/producto\/dentifrice-bioemsan\/","url":"https:\/\/alter-entorn.com\/fr\/producto\/dentifrice-bioemsan\/","name":"Dentifrice naturel Bioemsan, pH alcalin, sans fluorure, sans triclosan","isPartOf":{"@id":"https:\/\/alter-entorn.com\/fr\/#website"},"primaryImageOfPage":{"@id":"https:\/\/alter-entorn.com\/fr\/producto\/dentifrice-bioemsan\/#primaryimage"},"image":{"@id":"https:\/\/alter-entorn.com\/fr\/producto\/dentifrice-bioemsan\/#primaryimage"},"thumbnailUrl":"https:\/\/alter-entorn.com\/wp-content\/uploads\/2017\/07\/pasta-normal.png","datePublished":"2017-07-02T14:01:34+00:00","dateModified":"2025-02-16T06:48:58+00:00","description":"Dentifrice naturel au regard de la flore buccale. Protection contre les caries, emp\u00eache la formation de plaque et de mauvaise haleine, etc.","breadcrumb":{"@id":"https:\/\/alter-entorn.com\/fr\/producto\/dentifrice-bioemsan\/#breadcrumb"},"inLanguage":"fr-FR","potentialAction":[{"@type":"ReadAction","target":["https:\/\/alter-entorn.com\/fr\/producto\/dentifrice-bioemsan\/"]}]},{"@type":"ImageObject","inLanguage":"fr-FR","@id":"https:\/\/alter-entorn.com\/fr\/producto\/dentifrice-bioemsan\/#primaryimage","url":"https:\/\/alter-entorn.com\/wp-content\/uploads\/2017\/07\/pasta-normal.png","contentUrl":"https:\/\/alter-entorn.com\/wp-content\/uploads\/2017\/07\/pasta-normal.png","width":450,"height":450},{"@type":"BreadcrumbList","@id":"https:\/\/alter-entorn.com\/fr\/producto\/dentifrice-bioemsan\/#breadcrumb","itemListElement":[{"@type":"ListItem","position":1,"name":"Portada","item":"https:\/\/alter-entorn.com\/fr\/"},{"@type":"ListItem","position":2,"name":"Boutique","item":"https:\/\/alter-entorn.com\/tienda\/"},{"@type":"ListItem","position":3,"name":"Dentifrice Bioemsan (80ml) &#8211; Cosm\u00e9tique"}]},{"@type":"WebSite","@id":"https:\/\/alter-entorn.com\/fr\/#website","url":"https:\/\/alter-entorn.com\/fr\/","name":"alter-entorn","description":"Soluciones Microbiol\u00f3gicas probi\u00f3ticos","publisher":{"@id":"https:\/\/alter-entorn.com\/fr\/#organization"},"potentialAction":[{"@type":"SearchAction","target":{"@type":"EntryPoint","urlTemplate":"https:\/\/alter-entorn.com\/fr\/?s={search_term_string}"},"query-input":{"@type":"PropertyValueSpecification","valueRequired":true,"valueName":"search_term_string"}}],"inLanguage":"fr-FR"},{"@type":"Organization","@id":"https:\/\/alter-entorn.com\/fr\/#organization","name":"alter-entorn","url":"https:\/\/alter-entorn.com\/fr\/","logo":{"@type":"ImageObject","inLanguage":"fr-FR","@id":"https:\/\/alter-entorn.com\/fr\/#\/schema\/logo\/image\/","url":"https:\/\/alter-entorn.com\/wp-content\/uploads\/2018\/10\/logo_alter_entorn-sin-texto-1.png","contentUrl":"https:\/\/alter-entorn.com\/wp-content\/uploads\/2018\/10\/logo_alter_entorn-sin-texto-1.png","width":246,"height":68,"caption":"alter-entorn"},"image":{"@id":"https:\/\/alter-entorn.com\/fr\/#\/schema\/logo\/image\/"},"sameAs":["https:\/\/www.facebook.com\/alterentorn\/","https:\/\/x.com\/alterentorn"]}]}},"_links":{"self":[{"href":"https:\/\/alter-entorn.com\/fr\/wp-json\/wp\/v2\/product\/4318","targetHints":{"allow":["GET"]}}],"collection":[{"href":"https:\/\/alter-entorn.com\/fr\/wp-json\/wp\/v2\/product"}],"about":[{"href":"https:\/\/alter-entorn.com\/fr\/wp-json\/wp\/v2\/types\/product"}],"wp:featuredmedia":[{"embeddable":true,"href":"https:\/\/alter-entorn.com\/fr\/wp-json\/wp\/v2\/media\/3586"}],"wp:attachment":[{"href":"https:\/\/alter-entorn.com\/fr\/wp-json\/wp\/v2\/media?parent=4318"}],"wp:term":[{"taxonomy":"product_brand","embeddable":true,"href":"https:\/\/alter-entorn.com\/fr\/wp-json\/wp\/v2\/product_brand?post=4318"},{"taxonomy":"product_cat","embeddable":true,"href":"https:\/\/alter-entorn.com\/fr\/wp-json\/wp\/v2\/product_cat?post=4318"},{"taxonomy":"product_tag","embeddable":true,"href":"https:\/\/alter-entorn.com\/fr\/wp-json\/wp\/v2\/product_tag?post=4318"}],"curies":[{"name":"wp","href":"https:\/\/api.w.org\/{rel}","templated":true}]}}

Dentifrice Bioemsan (80ml) &#8211; Cosmétique

<p>Nettoyage total sans endommager l&rsquo;émail des dents ni le microbiote buccal. Il permet une hygiène complète et est efficace contre la plupart des problèmes buccaux tels que le saignement des gencives, l’apparition de la carie ou la formation de plaque. Améliore la gingivite ou l&rsquo;inflammation des gencives et réduit la quantité de bactéries anaérobies dans la salive, responsables de la mauvaise haleine.</p>

<p>Pour une flore buccale saine, une protection contre les caries et la parodontose. Il procure une sensation de fraîcheur et de bien-être, évite la mauvaise haleine pour une bonne hygiène et des dents blanches et en bonne santé.</p>
<p>PH alcalin, sans fluor, sans triclosan.</p>
<div class="woocommerce-product-details__short-description">
<p>Sans conservateurs, sans émulsifiants synthétiques, transgéniques, parfums et colorants. Sans cruauté.</p>
<p><a href="https://alter-entorn.com/dentifrico-bioemsan-es-mas-efectivo-que-los-dentifricos-convencionales/"> Découvrez tous les avantages </a></p>
</div>
<div class="quantité personnalisée"></div>

<!-- This site is optimized with the Yoast SEO plugin v27.4 - https://yoast.com/product/yoast-seo-wordpress/ -->
<title>Dentifrice naturel Bioemsan, pH alcalin, sans fluorure, sans triclosan</title>
<meta name="description" content="Dentifrice naturel au regard de la flore buccale. Protection contre les caries, empêche la formation de plaque et de mauvaise haleine, etc." />
<meta name="robots" content="index, follow, max-snippet:-1, max-image-preview:large, max-video-preview:-1" />
<link rel="canonical" href="https://alter-entorn.com/fr/producto/dentifrice-bioemsan/" />
<meta property="og:locale" content="fr_FR" />
<meta property="og:type" content="article" />
<meta property="og:title" content="Dentifrice naturel Bioemsan, pH alcalin, sans fluorure, sans triclosan" />
<meta property="og:description" content="Dentifrice naturel au regard de la flore buccale. Protection contre les caries, empêche la formation de plaque et de mauvaise haleine, etc." />
<meta property="og:url" content="https://alter-entorn.com/fr/producto/dentifrice-bioemsan/" />
<meta property="og:site_name" content="alter-entorn" />
<meta property="article:publisher" content="https://www.facebook.com/alterentorn/" />
<meta property="article:modified_time" content="2025-02-16T06:48:58+00:00" />
<meta property="og:image" content="https://alter-entorn.com/wp-content/uploads/2017/07/pasta-normal.png" />
	<meta property="og:image:width" content="450" />
	<meta property="og:image:height" content="450" />
	<meta property="og:image:type" content="image/png" />
<meta name="twitter:card" content="summary_large_image" />
<meta name="twitter:site" content="@alterentorn" />
<script type="application/ld+json" class="yoast-schema-graph">{"@context":"https:\/\/schema.org","@graph":[{"@type":"WebPage","@id":"https:\/\/alter-entorn.com\/fr\/producto\/dentifrice-bioemsan\/","url":"https:\/\/alter-entorn.com\/fr\/producto\/dentifrice-bioemsan\/","name":"Dentifrice naturel Bioemsan, pH alcalin, sans fluorure, sans triclosan","isPartOf":{"@id":"https:\/\/alter-entorn.com\/fr\/#website"},"primaryImageOfPage":{"@id":"https:\/\/alter-entorn.com\/fr\/producto\/dentifrice-bioemsan\/#primaryimage"},"image":{"@id":"https:\/\/alter-entorn.com\/fr\/producto\/dentifrice-bioemsan\/#primaryimage"},"thumbnailUrl":"https:\/\/alter-entorn.com\/wp-content\/uploads\/2017\/07\/pasta-normal.png","datePublished":"2017-07-02T14:01:34+00:00","dateModified":"2025-02-16T06:48:58+00:00","description":"Dentifrice naturel au regard de la flore buccale. Protection contre les caries, empêche la formation de plaque et de mauvaise haleine, etc.","breadcrumb":{"@id":"https:\/\/alter-entorn.com\/fr\/producto\/dentifrice-bioemsan\/#breadcrumb"},"inLanguage":"fr-FR","potentialAction":[{"@type":"ReadAction","target":["https:\/\/alter-entorn.com\/fr\/producto\/dentifrice-bioemsan\/"]}]},{"@type":"ImageObject","inLanguage":"fr-FR","@id":"https:\/\/alter-entorn.com\/fr\/producto\/dentifrice-bioemsan\/#primaryimage","url":"https:\/\/alter-entorn.com\/wp-content\/uploads\/2017\/07\/pasta-normal.png","contentUrl":"https:\/\/alter-entorn.com\/wp-content\/uploads\/2017\/07\/pasta-normal.png","width":450,"height":450},{"@type":"BreadcrumbList","@id":"https:\/\/alter-entorn.com\/fr\/producto\/dentifrice-bioemsan\/#breadcrumb","itemListElement":[{"@type":"ListItem","position":1,"name":"Portada","item":"https:\/\/alter-entorn.com\/fr\/"},{"@type":"ListItem","position":2,"name":"Boutique","item":"https:\/\/alter-entorn.com\/tienda\/"},{"@type":"ListItem","position":3,"name":"Dentifrice Bioemsan (80ml) &#8211; Cosmétique"}]},{"@type":"WebSite","@id":"https:\/\/alter-entorn.com\/fr\/#website","url":"https:\/\/alter-entorn.com\/fr\/","name":"alter-entorn","description":"Soluciones Microbiológicas probióticos","publisher":{"@id":"https:\/\/alter-entorn.com\/fr\/#organization"},"potentialAction":[{"@type":"SearchAction","target":{"@type":"EntryPoint","urlTemplate":"https:\/\/alter-entorn.com\/fr\/?s={search_term_string}"},"query-input":{"@type":"PropertyValueSpecification","valueRequired":true,"valueName":"search_term_string"}}],"inLanguage":"fr-FR"},{"@type":"Organization","@id":"https:\/\/alter-entorn.com\/fr\/#organization","name":"alter-entorn","url":"https:\/\/alter-entorn.com\/fr\/","logo":{"@type":"ImageObject","inLanguage":"fr-FR","@id":"https:\/\/alter-entorn.com\/fr\/#\/schema\/logo\/image\/","url":"https:\/\/alter-entorn.com\/wp-content\/uploads\/2018\/10\/logo_alter_entorn-sin-texto-1.png","contentUrl":"https:\/\/alter-entorn.com\/wp-content\/uploads\/2018\/10\/logo_alter_entorn-sin-texto-1.png","width":246,"height":68,"caption":"alter-entorn"},"image":{"@id":"https:\/\/alter-entorn.com\/fr\/#\/schema\/logo\/image\/"},"sameAs":["https:\/\/www.facebook.com\/alterentorn\/","https:\/\/x.com\/alterentorn"]}]}</script>
<!-- / Yoast SEO plugin. -->

Dentifrice naturel au regard de la flore buccale. Protection contre les caries, empêche la formation de plaque et de mauvaise haleine, etc.

Soluciones Microbiológicas probióticos
