{"id":9876,"date":"2022-03-21T13:07:54","date_gmt":"2024-11-14T11:34:48","guid":{"rendered":"https:\/\/alter-entorn.com\/?post_type=product&#038;p=9876"},"modified":"2025-01-14T12:48:58","modified_gmt":"2025-01-14T10:48:58","slug":"le-probiotique-textile","status":"publish","type":"product","link":"https:\/\/alter-entorn.com\/fr\/producto\/le-probiotique-textile\/","title":{"rendered":"Le probiotique Textile"},"content":{"rendered":"<p>Avec le probiotique textile d\u00e9tergent et l&rsquo;assouplissant, faire la lessive n&rsquo;a jamais \u00e9t\u00e9 aussi simple et efficace, il laisse les v\u00eatements propres et tr\u00e8s doux, en prenant soin de l&rsquo;environnement.<\/p>\n<p>Le probiotique textile a une double fonction puisqu\u2019il est d\u00e9tergent et adoucissant. Cela repr\u00e9sente une \u00e9conomie importante en argent, en espace et en temps. Contrairement aux adoucissants classiques, les probiotiques prennent soin des tissus, de notre peau et de l\u2019eau. De plus, comme n&rsquo;importe lequel de nos nettoyants probiotiques, l&rsquo;eau r\u00e9siduelle nettoiera les tuyaux afin de ne pas laisser de blocages, \u00e9liminera les mauvaises odeurs et prendra soin de l&rsquo;environnement.<\/p>\n<p>Pour un meilleur r\u00e9sultat, le kit id\u00e9al est compos\u00e9 de 2 pi\u00e8ces : notre chiffon avec c\u00e9ramique et le probiotique D\u00e9tergent textile et assouplissant. La c\u00e9ramique agit sur l&rsquo;eau, en diminuant sa duret\u00e9, en rendant les gouttelettes d&rsquo;eau plus fines et en mieux infiltrant les tissus, ce qui permet d&rsquo;\u00e9liminer tous types de taches en utilisant moins de savon, ce qui signifie de plus grandes \u00e9conomies.<\/p>\n","protected":false},"excerpt":{"rendered":"<p>Probiotique textile, d\u00e9tergent et assouplissant.Des v\u00eatements propres et doux. En prenant soin de votre peau et de l&rsquo;environnement.<\/p>\n","protected":false},"featured_media":8777,"template":"","meta":{"_joinchat":[]},"product_brand":[],"product_cat":[118],"product_tag":[940,945,2261,3240,3241,3242,3243],"class_list":{"0":"post-9876","1":"product","2":"type-product","3":"status-publish","4":"has-post-thumbnail","6":"product_cat-nettoyage-menager","7":"product_tag-nettoyage-ecologique","8":"product_tag-nettoyants-naturels","9":"product_tag-suavizante-natural-fr","10":"product_tag-netoyants-probiotiques","11":"product_tag-soin-des-eaux","12":"product_tag-economie-deaux","13":"product_tag-soin-de-lenvironement","15":"first","16":"instock","17":"taxable","18":"shipping-taxable","19":"purchasable","20":"product-type-variable","21":"has-default-attributes"},"yoast_head":"<!-- This site is optimized with the Yoast SEO plugin v27.4 - https:\/\/yoast.com\/product\/yoast-seo-wordpress\/ -->\n<title>Le probiotique Textile - alter-entorn<\/title>\n<meta name=\"description\" content=\"Probiotique textile d\u00e9tergent et assouplissant pour la lessive, \u00e0 la main ou \u00e0 la machine \u00e0 laver.\" \/>\n<meta name=\"robots\" content=\"index, follow, max-snippet:-1, max-image-preview:large, max-video-preview:-1\" \/>\n<link rel=\"canonical\" href=\"https:\/\/alter-entorn.com\/fr\/producto\/le-probiotique-textile\/\" \/>\n<meta property=\"og:locale\" content=\"fr_FR\" \/>\n<meta property=\"og:type\" content=\"article\" \/>\n<meta property=\"og:title\" content=\"Le probiotique Textile - alter-entorn\" \/>\n<meta property=\"og:description\" content=\"Probiotique textile d\u00e9tergent et assouplissant pour la lessive, \u00e0 la main ou \u00e0 la machine \u00e0 laver.\" \/>\n<meta property=\"og:url\" content=\"https:\/\/alter-entorn.com\/fr\/producto\/le-probiotique-textile\/\" \/>\n<meta property=\"og:site_name\" content=\"alter-entorn\" \/>\n<meta property=\"article:publisher\" content=\"https:\/\/www.facebook.com\/alterentorn\/\" \/>\n<meta property=\"article:modified_time\" content=\"2025-01-14T10:48:58+00:00\" \/>\n<meta property=\"og:image\" content=\"https:\/\/alter-entorn.com\/wp-content\/uploads\/2022\/03\/textiles-1024x768.png\" \/>\n\t<meta property=\"og:image:width\" content=\"1024\" \/>\n\t<meta property=\"og:image:height\" content=\"768\" \/>\n\t<meta property=\"og:image:type\" content=\"image\/png\" \/>\n<meta name=\"twitter:card\" content=\"summary_large_image\" \/>\n<meta name=\"twitter:site\" content=\"@alterentorn\" \/>\n<meta name=\"twitter:label1\" content=\"Dur\u00e9e de lecture estim\u00e9e\" \/>\n\t<meta name=\"twitter:data1\" content=\"1 minute\" \/>\n<script type=\"application\/ld+json\" class=\"yoast-schema-graph\">{\"@context\":\"https:\\\/\\\/schema.org\",\"@graph\":[{\"@type\":\"WebPage\",\"@id\":\"https:\\\/\\\/alter-entorn.com\\\/fr\\\/producto\\\/le-probiotique-textile\\\/\",\"url\":\"https:\\\/\\\/alter-entorn.com\\\/fr\\\/producto\\\/le-probiotique-textile\\\/\",\"name\":\"Le probiotique Textile - alter-entorn\",\"isPartOf\":{\"@id\":\"https:\\\/\\\/alter-entorn.com\\\/fr\\\/#website\"},\"primaryImageOfPage\":{\"@id\":\"https:\\\/\\\/alter-entorn.com\\\/fr\\\/producto\\\/le-probiotique-textile\\\/#primaryimage\"},\"image\":{\"@id\":\"https:\\\/\\\/alter-entorn.com\\\/fr\\\/producto\\\/le-probiotique-textile\\\/#primaryimage\"},\"thumbnailUrl\":\"https:\\\/\\\/alter-entorn.com\\\/wp-content\\\/uploads\\\/2022\\\/03\\\/textiles.png\",\"datePublished\":\"2024-11-14T11:34:48+00:00\",\"dateModified\":\"2025-01-14T10:48:58+00:00\",\"description\":\"Probiotique textile d\u00e9tergent et assouplissant pour la lessive, \u00e0 la main ou \u00e0 la machine \u00e0 laver.\",\"breadcrumb\":{\"@id\":\"https:\\\/\\\/alter-entorn.com\\\/fr\\\/producto\\\/le-probiotique-textile\\\/#breadcrumb\"},\"inLanguage\":\"fr-FR\",\"potentialAction\":[{\"@type\":\"ReadAction\",\"target\":[\"https:\\\/\\\/alter-entorn.com\\\/fr\\\/producto\\\/le-probiotique-textile\\\/\"]}]},{\"@type\":\"ImageObject\",\"inLanguage\":\"fr-FR\",\"@id\":\"https:\\\/\\\/alter-entorn.com\\\/fr\\\/producto\\\/le-probiotique-textile\\\/#primaryimage\",\"url\":\"https:\\\/\\\/alter-entorn.com\\\/wp-content\\\/uploads\\\/2022\\\/03\\\/textiles.png\",\"contentUrl\":\"https:\\\/\\\/alter-entorn.com\\\/wp-content\\\/uploads\\\/2022\\\/03\\\/textiles.png\",\"width\":5184,\"height\":3888,\"caption\":\"Probi\u00f3tico t\u00e9xtil detergente y suavizante\"},{\"@type\":\"BreadcrumbList\",\"@id\":\"https:\\\/\\\/alter-entorn.com\\\/fr\\\/producto\\\/le-probiotique-textile\\\/#breadcrumb\",\"itemListElement\":[{\"@type\":\"ListItem\",\"position\":1,\"name\":\"Portada\",\"item\":\"https:\\\/\\\/alter-entorn.com\\\/fr\\\/\"},{\"@type\":\"ListItem\",\"position\":2,\"name\":\"Boutique\",\"item\":\"https:\\\/\\\/alter-entorn.com\\\/tienda\\\/\"},{\"@type\":\"ListItem\",\"position\":3,\"name\":\"Le probiotique Textile\"}]},{\"@type\":\"WebSite\",\"@id\":\"https:\\\/\\\/alter-entorn.com\\\/fr\\\/#website\",\"url\":\"https:\\\/\\\/alter-entorn.com\\\/fr\\\/\",\"name\":\"alter-entorn\",\"description\":\"Soluciones Microbiol\u00f3gicas probi\u00f3ticos\",\"publisher\":{\"@id\":\"https:\\\/\\\/alter-entorn.com\\\/fr\\\/#organization\"},\"potentialAction\":[{\"@type\":\"SearchAction\",\"target\":{\"@type\":\"EntryPoint\",\"urlTemplate\":\"https:\\\/\\\/alter-entorn.com\\\/fr\\\/?s={search_term_string}\"},\"query-input\":{\"@type\":\"PropertyValueSpecification\",\"valueRequired\":true,\"valueName\":\"search_term_string\"}}],\"inLanguage\":\"fr-FR\"},{\"@type\":\"Organization\",\"@id\":\"https:\\\/\\\/alter-entorn.com\\\/fr\\\/#organization\",\"name\":\"alter-entorn\",\"url\":\"https:\\\/\\\/alter-entorn.com\\\/fr\\\/\",\"logo\":{\"@type\":\"ImageObject\",\"inLanguage\":\"fr-FR\",\"@id\":\"https:\\\/\\\/alter-entorn.com\\\/fr\\\/#\\\/schema\\\/logo\\\/image\\\/\",\"url\":\"https:\\\/\\\/alter-entorn.com\\\/wp-content\\\/uploads\\\/2018\\\/10\\\/logo_alter_entorn-sin-texto-1.png\",\"contentUrl\":\"https:\\\/\\\/alter-entorn.com\\\/wp-content\\\/uploads\\\/2018\\\/10\\\/logo_alter_entorn-sin-texto-1.png\",\"width\":246,\"height\":68,\"caption\":\"alter-entorn\"},\"image\":{\"@id\":\"https:\\\/\\\/alter-entorn.com\\\/fr\\\/#\\\/schema\\\/logo\\\/image\\\/\"},\"sameAs\":[\"https:\\\/\\\/www.facebook.com\\\/alterentorn\\\/\",\"https:\\\/\\\/x.com\\\/alterentorn\"]}]}<\/script>\n<!-- \/ Yoast SEO plugin. -->","yoast_head_json":{"title":"Le probiotique Textile - alter-entorn","description":"Probiotique textile d\u00e9tergent et assouplissant pour la lessive, \u00e0 la main ou \u00e0 la machine \u00e0 laver.","robots":{"index":"index","follow":"follow","max-snippet":"max-snippet:-1","max-image-preview":"max-image-preview:large","max-video-preview":"max-video-preview:-1"},"canonical":"https:\/\/alter-entorn.com\/fr\/producto\/le-probiotique-textile\/","og_locale":"fr_FR","og_type":"article","og_title":"Le probiotique Textile - alter-entorn","og_description":"Probiotique textile d\u00e9tergent et assouplissant pour la lessive, \u00e0 la main ou \u00e0 la machine \u00e0 laver.","og_url":"https:\/\/alter-entorn.com\/fr\/producto\/le-probiotique-textile\/","og_site_name":"alter-entorn","article_publisher":"https:\/\/www.facebook.com\/alterentorn\/","article_modified_time":"2025-01-14T10:48:58+00:00","og_image":[{"width":1024,"height":768,"url":"https:\/\/alter-entorn.com\/wp-content\/uploads\/2022\/03\/textiles-1024x768.png","type":"image\/png"}],"twitter_card":"summary_large_image","twitter_site":"@alterentorn","twitter_misc":{"Dur\u00e9e de lecture estim\u00e9e":"1 minute"},"schema":{"@context":"https:\/\/schema.org","@graph":[{"@type":"WebPage","@id":"https:\/\/alter-entorn.com\/fr\/producto\/le-probiotique-textile\/","url":"https:\/\/alter-entorn.com\/fr\/producto\/le-probiotique-textile\/","name":"Le probiotique Textile - alter-entorn","isPartOf":{"@id":"https:\/\/alter-entorn.com\/fr\/#website"},"primaryImageOfPage":{"@id":"https:\/\/alter-entorn.com\/fr\/producto\/le-probiotique-textile\/#primaryimage"},"image":{"@id":"https:\/\/alter-entorn.com\/fr\/producto\/le-probiotique-textile\/#primaryimage"},"thumbnailUrl":"https:\/\/alter-entorn.com\/wp-content\/uploads\/2022\/03\/textiles.png","datePublished":"2024-11-14T11:34:48+00:00","dateModified":"2025-01-14T10:48:58+00:00","description":"Probiotique textile d\u00e9tergent et assouplissant pour la lessive, \u00e0 la main ou \u00e0 la machine \u00e0 laver.","breadcrumb":{"@id":"https:\/\/alter-entorn.com\/fr\/producto\/le-probiotique-textile\/#breadcrumb"},"inLanguage":"fr-FR","potentialAction":[{"@type":"ReadAction","target":["https:\/\/alter-entorn.com\/fr\/producto\/le-probiotique-textile\/"]}]},{"@type":"ImageObject","inLanguage":"fr-FR","@id":"https:\/\/alter-entorn.com\/fr\/producto\/le-probiotique-textile\/#primaryimage","url":"https:\/\/alter-entorn.com\/wp-content\/uploads\/2022\/03\/textiles.png","contentUrl":"https:\/\/alter-entorn.com\/wp-content\/uploads\/2022\/03\/textiles.png","width":5184,"height":3888,"caption":"Probi\u00f3tico t\u00e9xtil detergente y suavizante"},{"@type":"BreadcrumbList","@id":"https:\/\/alter-entorn.com\/fr\/producto\/le-probiotique-textile\/#breadcrumb","itemListElement":[{"@type":"ListItem","position":1,"name":"Portada","item":"https:\/\/alter-entorn.com\/fr\/"},{"@type":"ListItem","position":2,"name":"Boutique","item":"https:\/\/alter-entorn.com\/tienda\/"},{"@type":"ListItem","position":3,"name":"Le probiotique Textile"}]},{"@type":"WebSite","@id":"https:\/\/alter-entorn.com\/fr\/#website","url":"https:\/\/alter-entorn.com\/fr\/","name":"alter-entorn","description":"Soluciones Microbiol\u00f3gicas probi\u00f3ticos","publisher":{"@id":"https:\/\/alter-entorn.com\/fr\/#organization"},"potentialAction":[{"@type":"SearchAction","target":{"@type":"EntryPoint","urlTemplate":"https:\/\/alter-entorn.com\/fr\/?s={search_term_string}"},"query-input":{"@type":"PropertyValueSpecification","valueRequired":true,"valueName":"search_term_string"}}],"inLanguage":"fr-FR"},{"@type":"Organization","@id":"https:\/\/alter-entorn.com\/fr\/#organization","name":"alter-entorn","url":"https:\/\/alter-entorn.com\/fr\/","logo":{"@type":"ImageObject","inLanguage":"fr-FR","@id":"https:\/\/alter-entorn.com\/fr\/#\/schema\/logo\/image\/","url":"https:\/\/alter-entorn.com\/wp-content\/uploads\/2018\/10\/logo_alter_entorn-sin-texto-1.png","contentUrl":"https:\/\/alter-entorn.com\/wp-content\/uploads\/2018\/10\/logo_alter_entorn-sin-texto-1.png","width":246,"height":68,"caption":"alter-entorn"},"image":{"@id":"https:\/\/alter-entorn.com\/fr\/#\/schema\/logo\/image\/"},"sameAs":["https:\/\/www.facebook.com\/alterentorn\/","https:\/\/x.com\/alterentorn"]}]}},"_links":{"self":[{"href":"https:\/\/alter-entorn.com\/fr\/wp-json\/wp\/v2\/product\/9876","targetHints":{"allow":["GET"]}}],"collection":[{"href":"https:\/\/alter-entorn.com\/fr\/wp-json\/wp\/v2\/product"}],"about":[{"href":"https:\/\/alter-entorn.com\/fr\/wp-json\/wp\/v2\/types\/product"}],"wp:featuredmedia":[{"embeddable":true,"href":"https:\/\/alter-entorn.com\/fr\/wp-json\/wp\/v2\/media\/8777"}],"wp:attachment":[{"href":"https:\/\/alter-entorn.com\/fr\/wp-json\/wp\/v2\/media?parent=9876"}],"wp:term":[{"taxonomy":"product_brand","embeddable":true,"href":"https:\/\/alter-entorn.com\/fr\/wp-json\/wp\/v2\/product_brand?post=9876"},{"taxonomy":"product_cat","embeddable":true,"href":"https:\/\/alter-entorn.com\/fr\/wp-json\/wp\/v2\/product_cat?post=9876"},{"taxonomy":"product_tag","embeddable":true,"href":"https:\/\/alter-entorn.com\/fr\/wp-json\/wp\/v2\/product_tag?post=9876"}],"curies":[{"name":"wp","href":"https:\/\/api.w.org\/{rel}","templated":true}]}}

<p>Avec le probiotique textile détergent et l&rsquo;assouplissant, faire la lessive n&rsquo;a jamais été aussi simple et efficace, il laisse les vêtements propres et très doux, en prenant soin de l&rsquo;environnement.</p>
<p>Le probiotique textile a une double fonction puisqu’il est détergent et adoucissant. Cela représente une économie importante en argent, en espace et en temps. Contrairement aux adoucissants classiques, les probiotiques prennent soin des tissus, de notre peau et de l’eau. De plus, comme n&rsquo;importe lequel de nos nettoyants probiotiques, l&rsquo;eau résiduelle nettoiera les tuyaux afin de ne pas laisser de blocages, éliminera les mauvaises odeurs et prendra soin de l&rsquo;environnement.</p>
<p>Pour un meilleur résultat, le kit idéal est composé de 2 pièces : notre chiffon avec céramique et le probiotique Détergent textile et assouplissant. La céramique agit sur l&rsquo;eau, en diminuant sa dureté, en rendant les gouttelettes d&rsquo;eau plus fines et en mieux infiltrant les tissus, ce qui permet d&rsquo;éliminer tous types de taches en utilisant moins de savon, ce qui signifie de plus grandes économies.</p>

<p>Probiotique textile, détergent et assouplissant.Des vêtements propres et doux. En prenant soin de votre peau et de l&rsquo;environnement.</p>

<!-- This site is optimized with the Yoast SEO plugin v27.4 - https://yoast.com/product/yoast-seo-wordpress/ -->
<title>Le probiotique Textile - alter-entorn</title>
<meta name="description" content="Probiotique textile détergent et assouplissant pour la lessive, à la main ou à la machine à laver." />
<meta name="robots" content="index, follow, max-snippet:-1, max-image-preview:large, max-video-preview:-1" />
<link rel="canonical" href="https://alter-entorn.com/fr/producto/le-probiotique-textile/" />
<meta property="og:locale" content="fr_FR" />
<meta property="og:type" content="article" />
<meta property="og:title" content="Le probiotique Textile - alter-entorn" />
<meta property="og:description" content="Probiotique textile détergent et assouplissant pour la lessive, à la main ou à la machine à laver." />
<meta property="og:url" content="https://alter-entorn.com/fr/producto/le-probiotique-textile/" />
<meta property="og:site_name" content="alter-entorn" />
<meta property="article:publisher" content="https://www.facebook.com/alterentorn/" />
<meta property="article:modified_time" content="2025-01-14T10:48:58+00:00" />
<meta property="og:image" content="https://alter-entorn.com/wp-content/uploads/2022/03/textiles-1024x768.png" />
	<meta property="og:image:width" content="1024" />
	<meta property="og:image:height" content="768" />
	<meta property="og:image:type" content="image/png" />
<meta name="twitter:card" content="summary_large_image" />
<meta name="twitter:site" content="@alterentorn" />
<meta name="twitter:label1" content="Durée de lecture estimée" />
	<meta name="twitter:data1" content="1 minute" />
<script type="application/ld+json" class="yoast-schema-graph">{"@context":"https:\/\/schema.org","@graph":[{"@type":"WebPage","@id":"https:\/\/alter-entorn.com\/fr\/producto\/le-probiotique-textile\/","url":"https:\/\/alter-entorn.com\/fr\/producto\/le-probiotique-textile\/","name":"Le probiotique Textile - alter-entorn","isPartOf":{"@id":"https:\/\/alter-entorn.com\/fr\/#website"},"primaryImageOfPage":{"@id":"https:\/\/alter-entorn.com\/fr\/producto\/le-probiotique-textile\/#primaryimage"},"image":{"@id":"https:\/\/alter-entorn.com\/fr\/producto\/le-probiotique-textile\/#primaryimage"},"thumbnailUrl":"https:\/\/alter-entorn.com\/wp-content\/uploads\/2022\/03\/textiles.png","datePublished":"2024-11-14T11:34:48+00:00","dateModified":"2025-01-14T10:48:58+00:00","description":"Probiotique textile détergent et assouplissant pour la lessive, à la main ou à la machine à laver.","breadcrumb":{"@id":"https:\/\/alter-entorn.com\/fr\/producto\/le-probiotique-textile\/#breadcrumb"},"inLanguage":"fr-FR","potentialAction":[{"@type":"ReadAction","target":["https:\/\/alter-entorn.com\/fr\/producto\/le-probiotique-textile\/"]}]},{"@type":"ImageObject","inLanguage":"fr-FR","@id":"https:\/\/alter-entorn.com\/fr\/producto\/le-probiotique-textile\/#primaryimage","url":"https:\/\/alter-entorn.com\/wp-content\/uploads\/2022\/03\/textiles.png","contentUrl":"https:\/\/alter-entorn.com\/wp-content\/uploads\/2022\/03\/textiles.png","width":5184,"height":3888,"caption":"Probiótico téxtil detergente y suavizante"},{"@type":"BreadcrumbList","@id":"https:\/\/alter-entorn.com\/fr\/producto\/le-probiotique-textile\/#breadcrumb","itemListElement":[{"@type":"ListItem","position":1,"name":"Portada","item":"https:\/\/alter-entorn.com\/fr\/"},{"@type":"ListItem","position":2,"name":"Boutique","item":"https:\/\/alter-entorn.com\/tienda\/"},{"@type":"ListItem","position":3,"name":"Le probiotique Textile"}]},{"@type":"WebSite","@id":"https:\/\/alter-entorn.com\/fr\/#website","url":"https:\/\/alter-entorn.com\/fr\/","name":"alter-entorn","description":"Soluciones Microbiológicas probióticos","publisher":{"@id":"https:\/\/alter-entorn.com\/fr\/#organization"},"potentialAction":[{"@type":"SearchAction","target":{"@type":"EntryPoint","urlTemplate":"https:\/\/alter-entorn.com\/fr\/?s={search_term_string}"},"query-input":{"@type":"PropertyValueSpecification","valueRequired":true,"valueName":"search_term_string"}}],"inLanguage":"fr-FR"},{"@type":"Organization","@id":"https:\/\/alter-entorn.com\/fr\/#organization","name":"alter-entorn","url":"https:\/\/alter-entorn.com\/fr\/","logo":{"@type":"ImageObject","inLanguage":"fr-FR","@id":"https:\/\/alter-entorn.com\/fr\/#\/schema\/logo\/image\/","url":"https:\/\/alter-entorn.com\/wp-content\/uploads\/2018\/10\/logo_alter_entorn-sin-texto-1.png","contentUrl":"https:\/\/alter-entorn.com\/wp-content\/uploads\/2018\/10\/logo_alter_entorn-sin-texto-1.png","width":246,"height":68,"caption":"alter-entorn"},"image":{"@id":"https:\/\/alter-entorn.com\/fr\/#\/schema\/logo\/image\/"},"sameAs":["https:\/\/www.facebook.com\/alterentorn\/","https:\/\/x.com\/alterentorn"]}]}</script>
<!-- / Yoast SEO plugin. -->

Probiotique textile détergent et assouplissant pour la lessive, à la main ou à la machine à laver.

Probiótico téxtil detergente y suavizante

Soluciones Microbiológicas probióticos
